{"id":8643,"date":"2024-02-19T20:52:42","date_gmt":"2024-02-19T18:52:42","guid":{"rendered":"https:\/\/satakielikuukausi.fi\/?post_type=eventer&#038;p=8643"},"modified":"2024-02-19T20:52:43","modified_gmt":"2024-02-19T18:52:43","slug":"kirjailijavierailu-anna-soudakova","status":"publish","type":"eventer","link":"https:\/\/satakielikuukausi.fi\/en\/tapahtuma\/kirjailijavierailu-anna-soudakova\/","title":{"rendered":"Kirjailijavierailu: Anna Soudakova"},"content":{"rendered":"<p>Kirjailija Anna Soudakova vierailee Porvoon p\u00e4\u00e4kirjastossa, ja illan aikana keskustellaan h\u00e4nen romaanistaan Varjele varjoani. Omakohtainen romaani k\u00e4sittelee inkerinsuomalaisen perheen paluumuuttoa Suomeen 1990-luvulla.<\/p>\n<p>Keski\u00f6\u00f6n nousee el\u00e4m\u00e4 kulttuurien ja kielten moninaisuudessa, arki neuvostotodellisuudessa ja asettuminen suomalaiseen yhteiskuntaan. Anna Soudakova on monikulttuurinen ja -kielinen kirjailija ja ty\u00f6skentelee opettajana.<\/p>\n<p>Tapahtumaa 19.3. klo 17.30-18.30 voi seurata my\u00f6s <a href=\"https:\/\/www.facebook.com\/porvoonkirjasto\/live\" target=\"_blank\" rel=\"noopener\">kirjaston Facebook Livess\u00e4.<\/a><\/p>\n<p><a href=\"https:\/\/www.porvoo.fi\/tapahtumat\/kirjailijavierailu-anna-soudakova\/\" target=\"_blank\" rel=\"noopener\">Linkki tapahtumaan<\/a><\/p>\n<p>Vapaa p\u00e4\u00e4sy, ei ilmoittautumista \/ Fritt intr\u00e4de, ingen f\u00f6rhandsanm\u00e4lan \/ Free entrance, no pre-subsciption.<\/p>\n<p>J\u00e4rjest\u00e4j\u00e4: Porvoon kaupunginkirjasto<\/p>\n","protected":false},"excerpt":{"rendered":"<p>Kirjailija Anna Soudakova vierailee Porvoon p\u00e4\u00e4kirjastossa, ja illan aikana keskustellaan h\u00e4nen romaanistaan Varjele varjoani. Omakohtainen romaani k\u00e4sittelee inkerinsuomalaisen perheen paluumuuttoa Suomeen 1990-luvulla. Keski\u00f6\u00f6n nousee el\u00e4m\u00e4 kulttuurien ja kielten moninaisuudessa, arki neuvostotodellisuudessa ja asettuminen suomalaiseen yhteiskuntaan. Anna Soudakova on monikulttuurinen ja -kielinen kirjailija ja ty\u00f6skentelee opettajana. Tapahtumaa 19.3. klo 17.30-18.30 voi seurata my\u00f6s kirjaston Facebook Livess\u00e4. [&hellip;]<\/p>\n","protected":false},"author":4,"featured_media":8352,"comment_status":"closed","ping_status":"closed","template":"","meta":{"_monsterinsights_skip_tracking":false,"_monsterinsights_sitenote_active":false,"_monsterinsights_sitenote_note":"","_monsterinsights_sitenote_category":0,"site-sidebar-layout":"default","site-content-layout":"","ast-site-content-layout":"default","site-content-style":"default","site-sidebar-style":"default","ast-global-header-display":"","ast-banner-title-visibility":"","ast-main-header-display":"","ast-hfb-above-header-display":"","ast-hfb-below-header-display":"","ast-hfb-mobile-header-display":"","site-post-title":"","ast-breadcrumbs-content":"","ast-featured-img":"","footer-sml-layout":"","ast-disable-related-posts":"","theme-transparent-header-meta":"default","adv-header-id-meta":"","stick-header-meta":"default","header-above-stick-meta":"","header-main-stick-meta":"","header-below-stick-meta":"","astra-migrate-meta-layouts":"set","ast-page-background-enabled":"default","ast-page-background-meta":{"desktop":{"background-color":"","background-image":"","background-repeat":"repeat","background-position":"center center","background-size":"auto","background-attachment":"scroll","background-type":"","background-media":"","overlay-type":"","overlay-color":"","overlay-opacity":"","overlay-gradient":""},"tablet":{"background-color":"","background-image":"","background-repeat":"repeat","background-position":"center center","background-size":"auto","background-attachment":"scroll","background-type":"","background-media":"","overlay-type":"","overlay-color":"","overlay-opacity":"","overlay-gradient":""},"mobile":{"background-color":"","background-image":"","background-repeat":"repeat","background-position":"center center","background-size":"auto","background-attachment":"scroll","background-type":"","background-media":"","overlay-type":"","overlay-color":"","overlay-opacity":"","overlay-gradient":""}},"ast-content-background-meta":{"desktop":{"background-color":"var(--ast-global-color-5)","background-image":"","background-repeat":"repeat","background-position":"center center","background-size":"auto","background-attachment":"scroll","background-type":"","background-media":"","overlay-type":"","overlay-color":"","overlay-opacity":"","overlay-gradient":""},"tablet":{"background-color":"var(--ast-global-color-5)","background-image":"","background-repeat":"repeat","background-position":"center center","background-size":"auto","background-attachment":"scroll","background-type":"","background-media":"","overlay-type":"","overlay-color":"","overlay-opacity":"","overlay-gradient":""},"mobile":{"background-color":"var(--ast-global-color-5)","background-image":"","background-repeat":"repeat","background-position":"center center","background-size":"auto","background-attachment":"scroll","background-type":"","background-media":"","overlay-type":"","overlay-color":"","overlay-opacity":"","overlay-gradient":""}}},"eventer-tag":[840,868],"eventer-venue":[866],"eventer-organizer":[867],"class_list":{"0":"post-8643","2":"type-eventer","3":"status-publish","4":"has-post-thumbnail","5":"hentry","6":"eventer-tag-esitys","7":"eventer-tag-kirjailijavierailu","8":"eventer-venue-porvoon-paakirjasto","9":"eventer-organizer-porvoon-paakirjasto"},"eventer_organizer":{"term":"Porvoon p\u00e4\u00e4kirjasto"},"eventer_venue":{"term":"Porvoon p\u00e4\u00e4kirjasto"},"eventer_category":"","eventer_tag":{"id":840,"term":"esitys","name":"esitys"},"_links":{"self":[{"href":"https:\/\/satakielikuukausi.fi\/en\/wp-json\/wp\/v2\/eventer\/8643","targetHints":{"allow":["GET"]}}],"collection":[{"href":"https:\/\/satakielikuukausi.fi\/en\/wp-json\/wp\/v2\/eventer"}],"about":[{"href":"https:\/\/satakielikuukausi.fi\/en\/wp-json\/wp\/v2\/types\/eventer"}],"author":[{"embeddable":true,"href":"https:\/\/satakielikuukausi.fi\/en\/wp-json\/wp\/v2\/users\/4"}],"replies":[{"embeddable":true,"href":"https:\/\/satakielikuukausi.fi\/en\/wp-json\/wp\/v2\/comments?post=8643"}],"wp:featuredmedia":[{"embeddable":true,"href":"https:\/\/satakielikuukausi.fi\/en\/wp-json\/wp\/v2\/media\/8352"}],"wp:attachment":[{"href":"https:\/\/satakielikuukausi.fi\/en\/wp-json\/wp\/v2\/media?parent=8643"}],"wp:term":[{"taxonomy":"eventer-tag","embeddable":true,"href":"https:\/\/satakielikuukausi.fi\/en\/wp-json\/wp\/v2\/eventer-tag?post=8643"},{"taxonomy":"eventer-venue","embeddable":true,"href":"https:\/\/satakielikuukausi.fi\/en\/wp-json\/wp\/v2\/eventer-venue?post=8643"},{"taxonomy":"eventer-organizer","embeddable":true,"href":"https:\/\/satakielikuukausi.fi\/en\/wp-json\/wp\/v2\/eventer-organizer?post=8643"}],"curies":[{"name":"wp","href":"https:\/\/api.w.org\/{rel}","templated":true}]}}

<p>Kirjailija Anna Soudakova vierailee Porvoon pääkirjastossa, ja illan aikana keskustellaan hänen romaanistaan Varjele varjoani. Omakohtainen romaani käsittelee inkerinsuomalaisen perheen paluumuuttoa Suomeen 1990-luvulla.</p>
<p>Keskiöön nousee elämä kulttuurien ja kielten moninaisuudessa, arki neuvostotodellisuudessa ja asettuminen suomalaiseen yhteiskuntaan. Anna Soudakova on monikulttuurinen ja -kielinen kirjailija ja työskentelee opettajana.</p>
<p>Tapahtumaa 19.3. klo 17.30-18.30 voi seurata myös <a href="https://www.facebook.com/porvoonkirjasto/live" target="_blank" rel="noopener">kirjaston Facebook Livessä.</a></p>
<p><a href="https://www.porvoo.fi/tapahtumat/kirjailijavierailu-anna-soudakova/" target="_blank" rel="noopener">Linkki tapahtumaan</a></p>
<p>Vapaa pääsy, ei ilmoittautumista / Fritt inträde, ingen förhandsanmälan / Free entrance, no pre-subsciption.</p>
<p>Järjestäjä: Porvoon kaupunginkirjasto</p>

<p>Kirjailija Anna Soudakova vierailee Porvoon pääkirjastossa, ja illan aikana keskustellaan hänen romaanistaan Varjele varjoani. Omakohtainen romaani käsittelee inkerinsuomalaisen perheen paluumuuttoa Suomeen 1990-luvulla. Keskiöön nousee elämä kulttuurien ja kielten moninaisuudessa, arki neuvostotodellisuudessa ja asettuminen suomalaiseen yhteiskuntaan. Anna Soudakova on monikulttuurinen ja -kielinen kirjailija ja työskentelee opettajana. Tapahtumaa 19.3. klo 17.30-18.30 voi seurata myös kirjaston Facebook Livessä. [&hellip;]</p>

Porvoon pääkirjasto
